11036 is divided by 3580.
296
Calculate the remainder when 260357 is divided by 998.
877
Calculate the remainder when 476005 is divided by 90.
85
What is the remainder when 31523 is divided by 29041?
2482
What is the remainder when 537079 is divided by 498?
235
Calculate the remainder when 1809884 is divided by 32905.
109
What is the remainder when 1210577248 is divided by 113?
112
Calculate the remainder when 1153091 is divided by 1734.
1715
Calculate the remainder when 604867 is divided by 4415.
12
What is the remainder when 528685 is divided by 528679?
6
What is the remainder when 606962 is divided by 100416?
4466
What is the remainder when 4482472 is divided by 742?
50
Calculate the remainder when 27496869 is divided by 2088.
2085
Calculate the remainder when 207096985 is divided by 5403.
5398
What is the remainder when 41609417 is divided by 3170?
3167
What is the remainder when 803866 is divided by 77?
63
What is the remainder when 18329390 is divided by 3054894?
26
What is the remainder when 60129 is divided by 20038?
15
Calculate the remainder when 90208508 is divided by 172.
12
Calculate the remainder when 332010 is divided by 6295.
4670
What is the remainder when 199877506 is divided by 37?
28
What is the remainder when 3562973 is divided by 824?
821
What is the remainder when 3811720 is divided by 294?
10
What is the remainder when 326193 is divided by 54361?
27
What is the remainder when 54835 is divided by 532?
39
Calculate the remainder when 122152227 is divided by 206.
201
Calculate the remainder when 211303 is divided by 1535.
1008
Calculate the remainder when 6598838 is divided by 3.
2
Calculate the remainder when 5948663 is divided by 256.
247
Calculate the remainder when 936933 is divided by 468433.
67
What is the remainder when 22690346 is divided by 87?
50
Calculate the remainder when 4026623 is divided by 251661.
47
What is the remainder when 3026147 is divided by 533?
306
Calculate the remainder when 17937 is divided by 23.
20
What is the remainder when 3183908 is divided by 1212?
1196
Calculate the remainder when 1540260 is divided by 34228.
0
Calculate the remainder when 98995325 is divided by 3712.
3709
Calculate the remainder when 5432230 is divided by 46.
44
What is the remainder when 2994 is divided by 2147?
847
Calculate the remainder when 7573491 is divided by 1514674.
121
What is the remainder when 9900 is divided by 3166?
402
Calculate the remainder when 1294570 is divided by 456.
442
What is the remainder when 300723 is divided by 100240?
3
Calculate the remainder when 441670 is divided by 147194.
88
What is the remainder when 504751 is divided by 252191?
369
What is the remainder when 19071687 is divided by 68?
67
What is the remainder when 36423 is divided by 311?
36
Calculate the remainder when 236158 is divided by 4997.
1299
Calculate the remainder when 100627 is divided by 661.
155
Calculate the remainder when 128452 is divided by 7529.
459
Calculate the remainder when 45581662 is divided by 2979.
2962
Calculate the remainder when 2876676 is divided by 9818.
2
Calculate the remainder when 603445 is divided by 4308.
325
What is the remainder when 285144 is divided by 2107?
699
What is the remainder when 7088265 is divided by 2605?
60
Calculate the remainder when 1014878848 is divided by 507439423.
2
Calculate the remainder when 141860 is divided by 8204.
2392
What is the remainder when 2111791 is divided by 527943?
19
What is the remainder when 448876 is divided by 74807?
34
What is the remainder when 302714 is divided by 2365?
2359
Calculate the remainder when 97532 is divided by 1341.
980
What is the remainder when 3494539 is divided by 448?
139
What is the remainder when 25156 is divided by 78?
40
Calculate the remainder when 872493 is divided by 49.
48
What is the remainder when 47528793 is divided by 335?
333
What is the remainder when 539735 is divided by 1812?
1571
What is the remainder when 1603036 is divided by 350?
36
Calculate the remainder when 2294559 is divided by 2312.
1055
What is the remainder when 5244832 is divided by 5244825?
7
What is the remainder when 57860598 is divided by 259?
257
Calculate the remainder when 23354 is divided by 7689.
287
Calculate the remainder when 558153 is divided by 63.
36
What is the remainder when 4371448 is divided by 3118?
12
Calculate the remainder when 245933 is divided by 81659.
956
Calculate the remainder when 620816 is divided by 88627.
427
What is the remainder when 98903437 is divided by 85?
72
What is the remainder when 12935524 is divided by 1839?
1837
What is the remainder when 15663984 is divided by 1166?
1106
Calculate the remainder when 106595 is divided by 97.
89
What is the remainder when 7506845 is divided by 309?
308
What is the remainder when 45817476 is divided by 431?
21
What is the remainder when 36574 is divided by 1636?
582
What is the remainder when 1371665 is divided by 1034?
581
Calculate the remainder when 6677275 is divided by 17.
15
What is the remainder when 33493002 is divided by 24?
18
Calculate the remainder when 56186 is divided by 90.
26
What is the remainder when 69854878 is divided by 21066?
22
What is the remainder when 5331 is divided by 2982?
2349
What is the remainder when 947150 is divided by 306?
80
What is the remainder when 6211211 is divided by 37?
21
Calculate the remainder when 5299862 is divided by 5299826.
36
Calculate the remainder when 2543839 is divided by 741.
727
What is the remainder when 36767486 is divided by 3971?
3968
Calculate the remainder when 67477265 is divided by 699.
698
What is the remainder when 2656303 is divided by 10842?
13
Calculate the remainder when 479969386 is divided by 43.
32
Calculate the remainder when 683782 is divided by 2124.
1978
What is the remainder when 3485003 is divided by 7027?
6638
Calculate the remainder when 1795168 is divided by 177.
34
Calculate the remainder when 6044615 is divided by 72.
71
What is the remainder when 36233836 is divided by 5939?
5936
What is the remainder when 4095025 is divided by 4094992?
33
Calculate the remainder when 270488 is divided by 52386.
8558
What is the remainder when 33780 is divided by 6707?
245
Calculate the remainder when 17391577 is divided by 462.
49
What is the remainder when 179626377 is divided by 11975091?
12
Calculate the remainder when 7666167 is divided by 79.
7
What is the remainder when 119517 is divided by 4007?
3314
What is the remainder when 541696 is divided by 135378?
184
What is the remainder when 108713914 is divided by 36237965?
19
Calculate the remainder when 13693644 is divided by 1482.
1446
What is the remainder when 19854093 is divided by 140?
133
Calculate the remainder when 2301605 is divided by 121114.
439
What is the remainder when 280314 is divided by 230?
174
What is the remainder when 17038962 is divided by 215?
212
Calculate the remainder when 50596 is divided by 2525.
96
Calculate the remainder when 725848 is divided by 21348.
16
Calculate the remainder when 24490715 is divided by 125.
90
What is the remainder when 650046 is divided by 82?
32
Calculate the remainder when 1278336 is divided by 1834.
38
What is the remainder when 24018070 is divided by 312?
310
What is the remainder when 1708862 is divided by 2163?
92
Calculate the remainder when 2006336 is divided by 4467.
653
What is the remainder when 137300 is divided by 5251?
774
What is the remainder when 12364702 is divided by 588795?
7
Calculate the remainder when 4561811 is divided by 2835.
296
Calculate the remainder when 1289078 is divided by 2119.
726
What is the remainder when 35790926 is divided by 83?
81
Calculate the remainder when 2345344 is divided by 101968.
80
What is the remainder when 126796486 is divided by 197?
194
Calculate the remainder when 7495643 is divided by 75.
68
What is the remainder when 214725 is divided by 525?
0
What is the remainder when 1522355 is divided by 507437?
44
Calculate the remainder when 27973075 is divided by 1062.
1057
Calculate the remainder when 71515112 is divided by 108851.
5
What is the remainder when 5904020 is divided by 61?
13
Calculate the remainder when 4457505 is divided by 11.
8
What is the remainder when 357886 is divided by 169?
113
What is the remainder when 205570 is divided 